(base 8) to base 16.
45e39
-3c7fe (base 16) to base 2
-111100011111111110
-41a936 (base 13) to base 9
-2802656
What is 32260220 (base 7) in base 10?
2754059
-24112423 (base 6) to base 13
-206241
a44b1 (base 16) to base 9
1235086
-1215654 (base 7) to base 3
-21220121010
What is -5330023 (base 6) in base 11?
-1687a9
What is 446598 (base 14) in base 11?
1346a59
Convert 3130131 (base 4) to base 10.
14109
-7d874f (base 16) to base 10
-8226639
-101101001000100010110 (base 2) to base 8
-5510426
Convert -146b9a (base 13) to base 15.
-9d555
Convert -75b45 (base 12) to base 9.
-256178
a62454 (base 13) to base 16
3b591b
10143221 (base 5) to base 6
1445430
What is 3306508 (base 9) in base 2?
110110001101010000001
-2600b84 (base 12) to base 6
-424011444
Convert -1249a6 (base 13) to base 15.
-8a075
What is -12302415 (base 6) in base 13?
-10ba10
Convert 100587 (base 9) to base 4.
32202031
-31310200212 (base 4) to base 11
-2054a81
What is -1542026 (base 8) in base 9?
-745222
Convert 617031 (base 9) to base 5.
43202421
-143033424 (base 5) to base 10
-752364
Convert -5355344 (base 8) to base 5.
-331313132
111210011 (base 3) to base 16
2740
-12220030023 (base 5) to base 2
-110111101111001100111111
Convert 104551 (base 11) to base 12.
807b8
-10663 (base 10) to base 8
-24647
What is 200013223 (base 4) in base 10?
131563
What is -2097893 (base 12) in base 5?
-3040000301
-233222034 (base 5) to base 14
-1dc07b
20242430 (base 5) to base 13
5a365
Convert 1422702 (base 9) to base 3.
1110202210002
What is -4100a (base 13) in base 11?
-7a545
924 (base 15) to base 9
2737
What is -24112276 (base 8) in base 3?
-100221022010001
Convert 11011000101101100 (base 2) to base 7.
641326
Convert 16220417 (base 8) to base 13.
a111c2
Convert -2171374 (base 8) to base 10.
-586492
Convert 177c9 (base 16) to base 15.
1d786
What is 74307 (base 12) in base 16?
253b7
-1aa117 (base 13) to base 10
-679062
1001111101010110100010 (base 2) to base 6
131542030
-21300011003 (base 4) to base 10
-2556227
What is 129942 (base 12) in base 5?
34312302
-c249b9 (base 13) to base 3
-22111210112012
What is 5721e5 (base 15) in base 13?
b27a20
What is -1100112102 (base 3) in base 5?
-1323013
What is 11232101 (base 4) in base 3?
1012011012
What is -110001212012222 (base 3) in base 13?
-1437512
Convert 11100110100110011011 (base 2) to base 13.
270bcb
Convert -8614 (base 11) to base 13.
-5251
What is -78ac (base 14) in base 7?
-115005
What is 130220333 (base 5) in base 4?
2122130101
What is 2025521 (base 6) in base 2?
10111101110011001
Convert 2232330030 (base 4) to base 2.
10101110111100001100
What is 227b2 (base 16) in base 7?
1125522
Convert 20719b (base 15) to base 6.
53022202
627a4 (base 14) to base 11
15248a
104352 (base 16) to base 4
10010031102
What is -392a3 (base 12) in base 9?
-128206
Convert -7d739 (base 15) to base 4.
-1201220013
60035403 (base 8) to base 15
118cb2e
-29a7318 (base 13) to base 15
-1279bb7
Convert 18425a (base 13) to base 8.
2245326
Convert 101011111111001011 (base 2) to base 10.
180171
1566065 (base 10) to base 8
5762561
What is 2121e2 (base 15) in base 8?
6007162
What is 44404421 (base 5) in base 6?
12152451
What is -243575 (base 8) in base 6?
-1444045
Convert -30514105 (base 7) to base 14.
-4a8575
-11ade (base 16) to base 11
-4a451
Convert 199c23 (base 14) to base 15.
12ec4c
-2e417 (base 15) to base 12
-7257a
What is 30373274 (base 8) in base 3?
110002011210120
Convert -33343513 (base 6) to base 3.
-1220021021000
Convert 41010c (base 15) to base 9.
5726383
What is 69507 (base 16) in base 5?
102300432
175442 (base 9) to base 12
5309b
What is 3a9a8 (base 13) in base 3?
12112221121
Convert 24231133 (base 8) to base 9.
11010413
What is -111001101011101011 (base 2) in base 16?
-39aeb
Convert -a1132 (base 11) to base 13.
-52419
What is 6353614 (base 8) in base 7?
20252360
Convert 142609a (base 11) to base 16.
256e96
What is -b9991 (base 16) in base 11?
-47a17a
What is 2361044 (base 7) in base 2?
1001001010111010100
Convert 1101000001010101010101 (base 2) to base 13.
926831
Convert -110111111011100000100 (base 2) to base 8.
-6773404
-191151 (base 10) to base 4
-232222233
Convert 499b (base 16) to base 2.
100100110011011
What is -62acdd (base 14) in base 4?
-30231322003
Convert -530155 (base 6) to base 14.
-1187d
5121323 (base 7) to base 5
124012421
Convert 11122010122201 (base 3) to base 11.
1432578
What is -333212130 (base 4) in base 5?
-31314013
Convert -1388081 (base 9) to base 2.
-10111011010000000101
What is -2012006 (base 10) in base 14?
-3a534a
What is a23841 (base 11) in base 4?
12101203332
41654633 (base 7) to base 5
1400320413
Convert -321546 (base 7) to base 9.
-84540
Convert 1a7428 (base 12) to base 10.
468896
Convert 104120300 (base 5) to base 15.
908a0
Convert 110110010111011100001 (base 2) to base 14.
345321
Convert 10a2879 (base 13) to base 6.
301411401
-3086 (base 10) to base 15
-dab
Convert 2368486 (base 9) to base 8.
4716775
Convert 10435 (base 14) to base 7.
222265
What is 102010000220 (base 3) in base 7?
1600452
37230 (base 16) to base 7
1630266
Convert -23b3220 (base 12) to base 13.
-1595457
Convert 17938 (base 16) to base 3.
11220110121
Convert -1796417 (base 11) to base 5.
-1234223200
Convert 55313425 (base 6) to base 16.
194e19
102002013101 (base 4) to base 2
10010000010000111010001
Convert b1437 (base 13) to base 11.
1a7264
20021120022 (base 4) to base 13
59a060
What is -19b0731 (base 12) in base 5?
-2344021423
-22112000210112 (base 3) to base 4
-101101120313
2153011 (base 6) to base 8
323277
Convert 312222220 (base 4) to base 7.
1621543
What is -31403334 (base 7) in base 2?
-1010001000100111000011
-4415266 (base 7) to base 10
-542086
-347647 (base 8) to base 9
-200733
Convert 384d38 (base 14) to base 6.
105243234
What is 100011101100100011111 (base 2) in base 11?
72989a
-7480919 (base 10) to base 4
-130202121113
What is 1550113 (base 6) in base 2?
10110011110011101
Convert -120c13a (base 13) to base 2.
-10101010110001101001001
Convert 1061216 (base 7) to base 11.
90613
Convert 23241250 (base 6) to base 8.
2577776
-b20de (base 15) to base 14
-10969c
What is -10110110110010011101 (base 2) in base 8?
-2666235
1667 (base 12) to base 7
10534
2523f7 (base 16) to base 9
4518777
Convert -4b25c (base 14) to base 7.
-1365245
Convert -368ca (base 13) to base 3.
-12002200220
-72360 (base 8) to base 12
-153a8
What is -1111101110100000 (base 2) in base 11?
-44440
What is 838657 (base 10) in base 2?
11001100110000000001
-2a052 (base 11) to base 10
-42649
What is 110010111111110110101010 (base 2) in base 5?
11410244441
9e903d (base 15) to base 13
17522c5
Convert -390b09 (base 13) to base 15.
-1c1b4b
22ad7 (base 16) to base 2
100010101011010111
Convert 125635552 (base 7) to base 11.
463a326
30333111112 (base 4) to base 15
473de7
Convert 32cf (base 16) to base 15.
3cc2
Convert 147062 (base 9) to base 5.
10343302
What is -1217115 (base 9) in base 5?
-132130143
-3566135 (base 7) to base 9
-761102
-512254 (base 11) to base 15
-113c24
1445a (base 14) to base 15
ed56
Convert -4ccb9 (base 16) to base 6.
-10424133
What is -44617 (base 16) in base 5?
-32430322
What is 41224024 (base 6) in base 14?
22c012
Convert -2022021020022 (base 3) to base 6.
-42134055
220212210220110 (base 3) to base 6
1151230450
What is -29245 (base 11) in base 2?
-1010001001010000
What is -26608 (base 9) in base 11?
-12575
What is -85144 (base 13) in base 3?
-110011210201
What is -22706741 (base 8) in base 7?
-60041631
Convert 5711 (base 13) to base 10.
12182
Convert 803b6 (base 13) to base 4.
313330120
What is 1688090 (base 10) in base 12?
694aa2
Convert 211210113300 (base 4) to base 13.
206a7cb
What is 32001330 (base 5) in base 3?
111111122221
What is -793898 (base 10) in base 9?
-1440018
Convert -6840c (base 15) to base 5.
-41103122
12206 (base 11) to base 8
42217
Convert -1000110011111001010010 (base 2) to base 8.
-10637122
What is 1101011200110 (base 3) in base 10?
731685
Convert 60827 (base 9) to base 14.
1083d
Convert -549995 (base 11) to base 5.
-211030431
What is 113333201 (base 6) in base 2?
1000000111011001100001
Convert -308ba3 (base 12) to base 8.
-2720253
What is 110111001010100111110 (base 2) in base 13?
4b3a42
Convert -1e28b (base 16) to base 11.
-848a1
10353015 (base 6) to base 11
1a2235
Conv